[INFO] fetching crate from 0.0.2...
[INFO] checking from-0.0.2 against master#af3c6e733a40e671550e0f0f5aeecaa13772ba56 for pr-74989
[INFO] extracting crate from 0.0.2 into /workspace/builds/worker-10/source
[INFO] validating manifest of crates.io crate from 0.0.2 on toolchain af3c6e733a40e671550e0f0f5aeecaa13772ba56
[INFO] running `Command { std: "/workspace/cargo-home/bin/cargo" "+af3c6e733a40e671550e0f0f5aeecaa13772ba56" "read-manifest" "--manifest-path" "Cargo.toml", kill_on_drop: false }`
[INFO] started tweaking crates.io crate from 0.0.2
[INFO] finished tweaking crates.io crate from 0.0.2
[INFO] tweaked toml for crates.io crate from 0.0.2 written to /workspace/builds/worker-10/source/Cargo.toml
[INFO] running `Command { std: "/workspace/cargo-home/bin/cargo" "+af3c6e733a40e671550e0f0f5aeecaa13772ba56" "generate-lockfile" "--manifest-path" "Cargo.toml" "-Zno-index-update", kill_on_drop: false }`
[INFO] running `Command { std: "/workspace/cargo-home/bin/cargo" "+af3c6e733a40e671550e0f0f5aeecaa13772ba56" "fetch" "--locked" "--manifest-path" "Cargo.toml", kill_on_drop: false }`
[INFO] running `Command { std: "docker" "create" "-v" "/var/lib/crater-agent-workspace/builds/worker-10/target:/opt/rustwide/target:rw,Z" "-v" "/var/lib/crater-agent-workspace/builds/worker-10/source:/opt/rustwide/workdir:ro,Z" "-v" "/var/lib/crater-agent-workspace/cargo-home:/opt/rustwide/cargo-home:ro,Z" "-v" "/var/lib/crater-agent-workspace/rustup-home:/opt/rustwide/rustup-home:ro,Z" "-e" "SOURCE_DIR=/opt/rustwide/workdir" "-e" "CARGO_TARGET_DIR=/opt/rustwide/target" "-e" "CARGO_HOME=/opt/rustwide/cargo-home" "-e" "RUSTUP_HOME=/opt/rustwide/rustup-home" "-w" "/opt/rustwide/workdir" "-m" "1610612736" "--user" "0:0" "--network" "none" "rustops/crates-build-env@sha256:d92eaeed33fa75130ca1ee6c8a01d1ffb62bac859dfdfb3450e3e5d1c0146529" "/opt/rustwide/cargo-home/bin/cargo" "+af3c6e733a40e671550e0f0f5aeecaa13772ba56" "metadata" "--no-deps" "--format-version=1", kill_on_drop: false }`
[INFO] [stdout] 6c9837d897220ebd376cae1245eda4f856f2ac098e4952524a5cc206a56259e8
[INFO] [stderr] WARNING: Your kernel does not support swap limit capabilities or the cgroup is not mounted. Memory limited without swap.
[INFO] running `Command { std: "docker" "start" "-a" "6c9837d897220ebd376cae1245eda4f856f2ac098e4952524a5cc206a56259e8", kill_on_drop: false }`
[INFO] running `Command { std: "docker" "inspect" "6c9837d897220ebd376cae1245eda4f856f2ac098e4952524a5cc206a56259e8", kill_on_drop: false }`
[INFO] running `Command { std: "docker" "rm" "-f" "6c9837d897220ebd376cae1245eda4f856f2ac098e4952524a5cc206a56259e8", kill_on_drop: false }`
[INFO] [stdout] 6c9837d897220ebd376cae1245eda4f856f2ac098e4952524a5cc206a56259e8
[INFO] running `Command { std: "docker" "create" "-v" "/var/lib/crater-agent-workspace/builds/worker-10/target:/opt/rustwide/target:rw,Z" "-v" "/var/lib/crater-agent-workspace/builds/worker-10/source:/opt/rustwide/workdir:ro,Z" "-v" "/var/lib/crater-agent-workspace/cargo-home:/opt/rustwide/cargo-home:ro,Z" "-v" "/var/lib/crater-agent-workspace/rustup-home:/opt/rustwide/rustup-home:ro,Z" "-e" "SOURCE_DIR=/opt/rustwide/workdir" "-e" "CARGO_TARGET_DIR=/opt/rustwide/target" "-e" "CARGO_INCREMENTAL=0" "-e" "RUST_BACKTRACE=full" "-e" "RUSTFLAGS=--cap-lints=forbid" "-e" "CARGO_HOME=/opt/rustwide/cargo-home" "-e" "RUSTUP_HOME=/opt/rustwide/rustup-home" "-w" "/opt/rustwide/workdir" "-m" "1610612736" "--user" "0:0" "--network" "none" "rustops/crates-build-env@sha256:d92eaeed33fa75130ca1ee6c8a01d1ffb62bac859dfdfb3450e3e5d1c0146529" "/opt/rustwide/cargo-home/bin/cargo" "+af3c6e733a40e671550e0f0f5aeecaa13772ba56" "check" "--frozen" "--all" "--all-targets" "--message-format=json", kill_on_drop: false }`
[INFO] [stdout] ed8be7495aebb2af14778fa49acc326561957784c0604bf1b255d1d0d83658c8
[INFO] [stderr] WARNING: Your kernel does not support swap limit capabilities or the cgroup is not mounted. Memory limited without swap.
[INFO] running `Command { std: "docker" "start" "-a" "ed8be7495aebb2af14778fa49acc326561957784c0604bf1b255d1d0d83658c8", kill_on_drop: false }`
[INFO] [stderr]     Blocking waiting for file lock on package cache
[INFO] [stderr]     Checking from v0.0.2 (/opt/rustwide/workdir)
[INFO] [stdout] error[E0599]: no method named `as_slice` found for reference `&'a String` in the current scope
[INFO] [stdout]   --> src/lib.rs:25:43
[INFO] [stdout]    |
[INFO] [stdout] 25 |     fn from(x: &'a String) -> &'a str { x.as_slice() }
[INFO] [stdout]    |                                           ^^^^^^^^ method not found in `&'a String`
[INFO] [stdout] 
[INFO] [stdout] 
[INFO] [stdout] error[E0599]: no method named `into_string` found for reference `&'a str` in the current scope
[INFO] [stdout]   --> src/lib.rs:29:39
[INFO] [stdout]    |
[INFO] [stdout] 29 |     fn from(x: &'a str) -> String { x.into_string() }
[INFO] [stdout]    |                                       ^^^^^^^^^^^ method not found in `&'a str`
[INFO] [stdout] 
[INFO] [stdout] 
[INFO] [stdout] error: aborting due to 2 previous errors
[INFO] [stdout] 
[INFO] [stdout] 
[INFO] [stdout] For more information about this error, try `rustc --explain E0599`.
[INFO] [stdout] 
[INFO] [stdout] error[E0599]: no method named `as_slice` found for reference `&'a String` in the current scope
[INFO] [stdout]   --> src/lib.rs:25:43
[INFO] [stdout]    |
[INFO] [stdout] 25 |     fn from(x: &'a String) -> &'a str { x.as_slice() }
[INFO] [stdout]    |                                           ^^^^^^^^ method not found in `&'a String`
[INFO] [stdout] 
[INFO] [stdout] 
[INFO] [stderr] error: could not compile `from`.
[INFO] [stdout] error[E0599]: no method named `into_string` found for reference `&'a str` in the current scope
[INFO] [stdout]   --> src/lib.rs:29:39
[INFO] [stdout]    |
[INFO] [stdout] 29 |     fn from(x: &'a str) -> String { x.into_string() }
[INFO] [stdout]    |                                       ^^^^^^^^^^^ method not found in `&'a str`
[INFO] [stdout] 
[INFO] [stdout] 
[INFO] [stderr] 
[INFO] [stdout] error: aborting due to 2 previous errors
[INFO] [stdout] 
[INFO] [stdout] 
[INFO] [stderr] To learn more, run the command again with --verbose.
[INFO] [stdout] For more information about this error, try `rustc --explain E0599`.
[INFO] [stdout] 
[INFO] [stderr] warning: build failed, waiting for other jobs to finish...
[INFO] [stderr] error: build failed
[INFO] running `Command { std: "docker" "inspect" "ed8be7495aebb2af14778fa49acc326561957784c0604bf1b255d1d0d83658c8", kill_on_drop: false }`
[INFO] running `Command { std: "docker" "rm" "-f" "ed8be7495aebb2af14778fa49acc326561957784c0604bf1b255d1d0d83658c8", kill_on_drop: false }`
[INFO] [stdout] ed8be7495aebb2af14778fa49acc326561957784c0604bf1b255d1d0d83658c8
